{"id":9,"date":"2019-08-27T12:46:42","date_gmt":"2019-08-27T10:46:42","guid":{"rendered":"http:\/\/www.gaudeteaix.fr\/gaudete\/?page_id=9"},"modified":"2019-08-29T14:20:23","modified_gmt":"2019-08-29T12:20:23","slug":"a-propos-de","status":"publish","type":"page","link":"https:\/\/www.gaudeteaix.fr\/gaudete\/a-propos-de\/","title":{"rendered":"Le chef"},"content":{"rendered":"<p><strong>Pierre TAUDOU<\/strong> a \u00e9tudi\u00e9 la direction d&rsquo;orchestre avec Dominique Rouits, en France et en Italie, ainsi que la direction de ch\u0153ur avec H\u00e9l\u00e8ne Guy et Jean-Fran\u00e7ois S\u00e9nart au conservatoire d&rsquo;Aix-en-Provence.<\/p>\n<p>Il a fond\u00e9, il y a quinze ans, l&rsquo;ensemble vocal et instrumental Gaudete qui s&rsquo;est sp\u00e9cialis\u00e9 dans la musique du Moyen-Age et la musique baroque.<\/p>\n<p>Il a dirig\u00e9 l\u2019Ensemble instrumental du pays d\u2019Aix de 2010 \u00e0 2013, conduit le ch\u0153ur des jeunes \u00e0 la cath\u00e9drale d\u2019Aix-en-Provence depuis 2015 et assure la formation des chantres animateurs du dioc\u00e8se d\u2019Aix et d\u2019Arles \u00e0 la musique liturgique depuis 2013.<\/p>\n<p>Il intervient r\u00e9guli\u00e8rement dans le cadre de formations au chant gr\u00e9gorien.<\/p>\n\n\n<figure class=\"wp-block-image\"><img loading=\"lazy\" decoding=\"async\" width=\"920\" height=\"1024\" src=\"http:\/\/www.gaudeteaix.fr\/gaudete\/wp-content\/uploads\/2019\/08\/lechef2-920x1024.jpg\" alt=\"\" class=\"wp-image-74\" srcset=\"https:\/\/www.gaudeteaix.fr\/gaudete\/wp-content\/uploads\/2019\/08\/lechef2-920x1024.jpg 920w, https:\/\/www.gaudeteaix.fr\/gaudete\/wp-content\/uploads\/2019\/08\/lechef2-270x300.jpg 270w, https:\/\/www.gaudeteaix.fr\/gaudete\/wp-content\/uploads\/2019\/08\/lechef2-768x854.jpg 768w\" sizes=\"auto, (max-width: 767px) 89vw, (max-width: 1000px) 54vw, (max-width: 1071px) 543px, 580px\" \/><\/figure>\n","protected":false},"excerpt":{"rendered":"<p>Pierre TAUDOU a \u00e9tudi\u00e9 la direction d&rsquo;orchestre avec Dominique Rouits, en France et en Italie, ainsi que la direction de ch\u0153ur avec H\u00e9l\u00e8ne Guy et Jean-Fran\u00e7ois S\u00e9nart au conservatoire d&rsquo;Aix-en-Provence. Il a fond\u00e9, il y a quinze ans, l&rsquo;ensemble vocal et instrumental Gaudete qui s&rsquo;est sp\u00e9cialis\u00e9 dans la musique du Moyen-Age et la musique baroque. &hellip; <\/p>\n<p class=\"link-more\"><a href=\"https:\/\/www.gaudeteaix.fr\/gaudete\/a-propos-de\/\" class=\"more-link\">Continuer la lecture<span class=\"screen-reader-text\"> de &laquo;&nbsp;Le chef&nbsp;&raquo;<\/span><\/a><\/p>\n","protected":false},"author":1,"featured_media":77,"parent":0,"menu_order":0,"comment_status":"closed","ping_status":"closed","template":"","meta":{"footnotes":""},"class_list":["post-9","page","type-page","status-publish","has-post-thumbnail","hentry"],"_links":{"self":[{"href":"https:\/\/www.gaudeteaix.fr\/gaudete\/wp-json\/wp\/v2\/pages\/9","targetHints":{"allow":["GET"]}}],"collection":[{"href":"https:\/\/www.gaudeteaix.fr\/gaudete\/wp-json\/wp\/v2\/pages"}],"about":[{"href":"https:\/\/www.gaudeteaix.fr\/gaudete\/wp-json\/wp\/v2\/types\/page"}],"author":[{"embeddable":true,"href":"https:\/\/www.gaudeteaix.fr\/gaudete\/wp-json\/wp\/v2\/users\/1"}],"replies":[{"embeddable":true,"href":"https:\/\/www.gaudeteaix.fr\/gaudete\/wp-json\/wp\/v2\/comments?post=9"}],"version-history":[{"count":5,"href":"https:\/\/www.gaudeteaix.fr\/gaudete\/wp-json\/wp\/v2\/pages\/9\/revisions"}],"predecessor-version":[{"id":364,"href":"https:\/\/www.gaudeteaix.fr\/gaudete\/wp-json\/wp\/v2\/pages\/9\/revisions\/364"}],"wp:featuredmedia":[{"embeddable":true,"href":"https:\/\/www.gaudeteaix.fr\/gaudete\/wp-json\/wp\/v2\/media\/77"}],"wp:attachment":[{"href":"https:\/\/www.gaudeteaix.fr\/gaudete\/wp-json\/wp\/v2\/media?parent=9"}],"curies":[{"name":"wp","href":"https:\/\/api.w.org\/{rel}","templated":true}]}}

<p><strong>Pierre TAUDOU</strong> a étudié la direction d&rsquo;orchestre avec Dominique Rouits, en France et en Italie, ainsi que la direction de chœur avec Hélène Guy et Jean-François Sénart au conservatoire d&rsquo;Aix-en-Provence.</p>
<p>Il a fondé, il y a quinze ans, l&rsquo;ensemble vocal et instrumental Gaudete qui s&rsquo;est spécialisé dans la musique du Moyen-Age et la musique baroque.</p>
<p>Il a dirigé l’Ensemble instrumental du pays d’Aix de 2010 à 2013, conduit le chœur des jeunes à la cathédrale d’Aix-en-Provence depuis 2015 et assure la formation des chantres animateurs du diocèse d’Aix et d’Arles à la musique liturgique depuis 2013.</p>
<p>Il intervient régulièrement dans le cadre de formations au chant grégorien.</p>


<figure class="wp-block-image"><img loading="lazy" decoding="async" width="920" height="1024" src="http://www.gaudeteaix.fr/gaudete/wp-content/uploads/2019/08/lechef2-920x1024.jpg" alt="" class="wp-image-74" srcset="https://www.gaudeteaix.fr/gaudete/wp-content/uploads/2019/08/lechef2-920x1024.jpg 920w, https://www.gaudeteaix.fr/gaudete/wp-content/uploads/2019/08/lechef2-270x300.jpg 270w, https://www.gaudeteaix.fr/gaudete/wp-content/uploads/2019/08/lechef2-768x854.jpg 768w" sizes="auto, (max-width: 767px) 89vw, (max-width: 1000px) 54vw, (max-width: 1071px) 543px, 580px" /></figure>

<p>Pierre TAUDOU a étudié la direction d&rsquo;orchestre avec Dominique Rouits, en France et en Italie, ainsi que la direction de chœur avec Hélène Guy et Jean-François Sénart au conservatoire d&rsquo;Aix-en-Provence. Il a fondé, il y a quinze ans, l&rsquo;ensemble vocal et instrumental Gaudete qui s&rsquo;est spécialisé dans la musique du Moyen-Age et la musique baroque. &hellip; </p>
<p class="link-more"><a href="https://www.gaudeteaix.fr/gaudete/a-propos-de/" class="more-link">Continuer la lecture<span class="screen-reader-text"> de &laquo;&nbsp;Le chef&nbsp;&raquo;</span></a></p>
